
-5240
In base 15, what is 31 + 2?
33
In base 7, what is 16434 + -1?
16433
In base 15, what is -7 - 67d?
-685
In base 8, what is 147 - -52?
221
In base 14, what is 2d + 8?
37
In base 7, what is 3641 + -5?
3633
In base 12, what is -2 - -295?
293
In base 11, what is 0 + 13?
13
In base 16, what is -29 + 6d?
44
In base 13, what is 97 + 18?
b2
In base 7, what is 160 + 21?
211
In base 11, what is 5 + -1078?
-1073
In base 3, what is 111 - 122001?
-121120
In base 16, what is 1 + 1a1?
1a2
In base 15, what is -2c + 5?
-27
In base 9, what is -7 - -1136?
1128
In base 6, what is -402003 + 2?
-402001
In base 14, what is 2d + 6?
35
In base 14, what is -b + 13?
6
In base 6, what is -10053 - -4?
-10045
In base 12, what is -2244 - 1?
-2245
In base 8, what is 1665 + 2?
1667
In base 16, what is -2 - -46?
44
In base 7, what is -401 + 12?
-356
In base 12, what is -3 + -46?
-49
In base 4, what is -2 - 101?
-103
In base 5, what is -40 - 23?
-113
In base 11, what is -18 + 2a?
12
In base 16, what is 3 - -33?
36
In base 10, what is -1 - -171?
170
In base 4, what is 2 - 31?
-23
In base 5, what is -12 - 1020?
-1032
In base 9, what is -55 + 2?
-53
In base 13, what is -13 + -26?
-39
In base 12, what is 5 - 57?
-52
In base 4, what is 1013 + -2113?
-1100
In base 4, what is -1 - -11213?
11212
In base 9, what is 3 + -35?
-32
In base 7, what is -240 - -130?
-110
In base 7, what is 2 - 23525?
-23523
In base 11, what is 34 - -18?
51
In base 16, what is c9 - -47?
110
In base 12, what is 3 - -2b?
32
In base 6, what is -3 + 121?
114
In base 4, what is 0 + -321?
-321
In base 14, what is -1d2 + 5?
-1cb
In base 4, what is -3 - -1022?
1013
In base 9, what is 4 - 42?
-37
In base 5, what is 4 - -14231?
14240
In base 12, what is -4 - -83?
7b
In base 3, what is 2211001 - 2?
2210222
In base 11, what is -2407 + 1?
-2406
In base 8, what is 44 - 221?
-155
In base 8, what is 22 - 1?
21
In base 8, what is 3152 - -5?
3157
In base 9, what is -437 - -3?
-434
In base 2, what is 101 - -1100011?
1101000
In base 11, what is 1 + 466?
467
In base 15, what is 5 - 20a?
-205
In base 3, what is -1122222 + -10?
-1200002
In base 11, what is 4 - -11a?
123
In base 10, what is 557 - 0?
557
In base 16, what is -f - 5?
-14
In base 4, what is -2 + -23130?
-23132
In base 12, what is -40 - -2?
-3a
In base 7, what is 405 + -4?
401
In base 13, what is -816 + 0?
-816
In base 2, what is -100101 + -1111?
-110100
In base 10, what is -2 - -60?
58
In base 12, what is 402 - 4?
3ba
In base 8, what is -11 - -214?
203
In base 11, what is 2 + 31?
33
In base 14, what is -620 - -6?
-618
In base 2, what is 0 - 1000101?
-1000101
In base 2, what is -1001 + -1100100?
-1101101
In base 11, what is 77 + -26?
51
In base 9, what is 2 + 58?
61
In base 2, what is 100 - 1001001?
-1000101
In base 11, what is 515 + -1?
514
In base 6, what is -3510 + -4?
-3514
In base 13, what is -5 + 19b?
196
In base 13, what is 136 - 8?
12b
In base 3, what is -10 - -102210?
102200
In base 10, what is 2 + -2521?
-2519
In base 5, what is -10 - 12334?
-12344
In base 16, what is 10 - 0?
10
In base 3, what is -201 + -110?
-1011
In base 8, what is -74 - 1?
-75
In base 7, what is -13 - 15?
-31
In base 5, what is 10 - 11?
-1
In base 14, what is -594 + 4?
-590
In base 8, what is -7 + -113?
-122
In base 4, what is 13301 + 10?
13311
In base 6, what is 211 + 21?
232
In base 12, what is -37b + -5?
-384
In base 2, what is -1011 + -101011?
-110110
In base 15, what is 1 + -12?
-11
In base 8, what is -1 + -45?
-46
In base 12, what is -2 + -410?
-412
In base 3, what is 1 - 120021?
-120020
In base 6, what is -13 - 13?
-30
In base 15, what is 2 - -8d?
90
In base 8, what is 1 - 6725?
-6724
In base 6, what is 3323 + 5?
3332
In base 15, what is 2 - -4?
6
In base 7, what is 2504 + -1?
2503
In base 3, what is -2101 + 11?
-2020
In base 3, what is 1 - -1220120?
1220121
In base 4, what is 23223012 + 1?
23223013
In base 6, what is -14 + -422?
-440
In base 11, what is 3 - 2?
1
In base 15, what is -84 - 2?
-86
In base 12, what is 3 - 114?
-111
In base 8, what is -72 + 60?
-12
In base 12, what is 10 - -116?
126
In base 4, what is -20020 + -10?
-20030
In base 12, what is 1010 - 4?
1008
In base 4, what is 220 + -2?
212
In base 4, what is -2 - 1231?
-1233
In base 7, what is 0 - -2512?
2512
In base 14, what is 5 + -4d?
-48
In base 7, what is 605 - 2?
603
In base 2, what is -10011010100111 - 11?
-10011010101010
In base 9, what is -157 - -5?
-152
In base 16, what is -2d5 + -2?
-2d7
In base 10, what is 91 - 41?
50
In base 6, what is 134 - 1?
133
In base 13, what is -1 + 44?
43
In base 16, what is -4c1 + 2?
-4bf
In base 15, what is -86 - 35?
-bb
In base 16, what is -3 - -c0?
bd
In base 7, what is -1410 + 1?
-1406
In base 16, what is -3 - -415?
412
In base 2, what is 101 + 1100111?
1101100
In base 7, what is 142 + -5?
134
In base 6, what is 1 - 1144?
-1143
In base 9, what is -36 + -12?
-48
In base 5, what is 1133303 + 3?
1133311
In base 4, what is 1201 - 13?
1122
In base 11, what is 2 - -56?
58
In base 13, what is -1b + 23?
5
In base 5, what is 102 + -3?
44
In base 7, what is -5 - -1053?
1045
In base 8, what is -4 + 566?
562
In base 2, what is 10101110 - -10?
10110000
In base 13, what is 0 - -13ac?
13ac
In base 9, what is 136 + 3?
140
In base 14, what is -21 - -5?
-1a
In base 8, what is -34 - 5?
-41
In base 7, what is -53 + 2?
-51
In base 8, what is -1201 - 5?
-1206
In base 3, what is -100002 + 12?
-22220
In base 10, what is -847 + 14?
-833
In base 14, what is 1 - -3c?
3d
In base 4, what is 22223 - -2?
22231
In base 14, what is 6ba - -3?
6bd
In base 13, what is -35 + -a?
-42
In base 7, what is 4 - 12533?
-12526
In base 6, what is -1 + -1331?
-1332
In base 6, what is 33 - 415?
-342
In base 2, what is 1000 - 1011110?
-1010110
In base 14, what is -32 + -d?
-41
In base 14, what is a8 - c?
9a
In base 6, what is -1 + 3522?
3521
In base 7, what is -41 - -540?
466
In base 5, what is 3320 - 4?
3311
In base 8, what is 5 - -30?
35
In base 6, what is 1 - 12?
-11
In base 5, what is -10 + -31231?
-31241
In base 15, what is 35 - 4?
31
In base 10, what is 18 - 41?
-23
In base 7, what is -5 + 234?
226
In base 13, what is -1 + 20?
1c
In base 2, what is -11 + 1011010111000?
1011010110101
In base 11, what is -2008 + 1?
-2007
In base 8, what is -4 - -6754?
6750
In base 9, what is -2 + -73?
-75
In base 10, what is -1 - -9?
8
In base 2, what is -100111101 + 1010?
-100110011
In base 2, what is -1010110 - 11111?
-1110101
In base 4, what is -11 + -202133?
-202210
In base 8, what is -5 - -54?
47
In base 6, what is -425 - 4?
-433
In base 13, what is 0 + 247?
247
In base 5, what is 233333 - 0?
233333
In base 3, what is -12202 - 1?
-12210
In base 3, what is 0 - 12?
-12
In base 2, what is -11110 - -11?
-11011
In base 8, what is 4 + -13212?
-13206
In base 10, what is -38 + -8?
-46
In base 16, what is 1b8c + 3?
1b8f
In base 8, what is 22 + 135?
157
In base 14, what is 26 - 218?
-1d2
In base 10, what is 64 - -61?
125
In base 15, what is 28 + 0?
28
In base 13, what is 802 - 4?
7cb
In base 9, what is -4 + -2711?
-2715
In base 11, what is -218 + -4?
-221
In base 4, what is -1 - 120?
-121
In base 13, what is -1878 - -3?
-1875
In base 5, what is -400124 - 3?
-400132
In base 16, what is -25 - 1?
-26
In base 11, what is 1a4 + -2?
1a2
In base 12, what is -4 + 24b3?
24ab
In base 14, what is -25 - -58?
33
In base 2, what is -11 - -111000101101?
111000101010
In base 16, what is 150 + 3?
153
In base 11, what is 1 - -a1?
a2
In base 8, what is 321 + 42?
363
In base 13, what is 1c + 10?
2c
In base 11, what is -1a6 + -3?
-1a9
In base 4, what is 3 + 33013?
33022
In base 9, what is 826 + 1?
827
In base 13, what is 3 + 57?
5a
In base 12, what is a460 - -5?
a465
In base 8, what is 1 - -261?
262
In base 14, what is 0 - 10?
-10
In base 6, what is -200243 - 4?
-200251
In base 5, what is 214 - -20?
234
In base 15, what is 18 - -9?
22
In base 4, what is 11 - -121?
132
In base 16, what is -10 - 14d?
-15d
In base 5, what is 22120 + 4?
22124
In base 4, what is 0 + 233?
233
In base 9, what is -8 + -1?
-10
In base 6, what is -33 + -5?
-42
In base 2, what is 10111001 + 1?
10111010
In base 13, what is 8b + -4?
87
In base 7, what is 26 + -162?
-133
In base 11, what is 1 + 763?
764
In base 10, what is 123 + 15?
138
In base 3, what is 10 + 2000?
2010
In base 4, what 